{"id":80,"date":"2026-02-04T15:08:23","date_gmt":"2026-02-04T14:08:23","guid":{"rendered":"https:\/\/emte.com.pl\/?page_id=80"},"modified":"2026-03-02T12:08:45","modified_gmt":"2026-03-02T11:08:45","slug":"enkodery","status":"publish","type":"page","link":"https:\/\/emte.com.pl\/?page_id=80","title":{"rendered":"Enkodery"},"content":{"rendered":"\n<figure class=\"wp-block-image size-full is-resized\"><img loading=\"lazy\" decoding=\"async\" width=\"340\" height=\"139\" src=\"https:\/\/emte.com.pl\/wp-content\/uploads\/2026\/02\/obraz-63.png\" alt=\"\" class=\"wp-image-534\" style=\"width:329px;height:auto\" srcset=\"https:\/\/emte.com.pl\/wp-content\/uploads\/2026\/02\/obraz-63.png 340w, https:\/\/emte.com.pl\/wp-content\/uploads\/2026\/02\/obraz-63-300x123.png 300w\" sizes=\"auto, (max-width: 340px) 100vw, 340px\" \/><\/figure>\n\n\n\n<p>Firma EMETA Encoders AB zosta\u0142a za\u0142o\u017cona w 1992 roku przez Ulfa Hedlunda. Produkcja odbywa si\u0119 w  nowoczesnym zak\u0142adzie produkcyjnym zlokalizowanym w siedzibie firmy, kt\u00f3ra znajduje si\u0119 w miejscowo\u015bci Strangnas w Szwecji. Ponad trzydziestoletnie do\u015bwiadczenie stawia firm\u0119 w gronie czo\u0142owych producent\u00f3w enkoder\u00f3w, kt\u00f3re trafiaj\u0105 do wiod\u0105cych \u015bwiatowych producent\u00f3w OEM i producent\u00f3w maszyn dzia\u0142aj\u0105cych w r\u00f3\u017cnych sektorach przemys\u0142u. Wsp\u00f3lnym mianownikiem dla  klient\u00f3w jest zapotrzebowanie na solidne, niezawodne i trwa\u0142e produkty.<\/p>\n\n\n\n<p><\/p>\n","protected":false},"excerpt":{"rendered":"<p>Firma EMETA Encoders AB zosta\u0142a za\u0142o\u017cona w 1992 roku przez Ulfa Hedlunda. Produkcja odbywa si\u0119 w nowoczesnym zak\u0142adzie produkcyjnym zlokalizowanym w siedzibie firmy, kt\u00f3ra znajduje si\u0119 w miejscowo\u015bci Strangnas w Szwecji. Ponad trzydziestoletnie do\u015bwiadczenie stawia firm\u0119 w gronie czo\u0142owych producent\u00f3w enkoder\u00f3w, kt\u00f3re trafiaj\u0105 do wiod\u0105cych \u015bwiatowych producent\u00f3w OEM i producent\u00f3w maszyn dzia\u0142aj\u0105cych w r\u00f3\u017cnych sektorach [&hellip;]<\/p>\n","protected":false},"author":1,"featured_media":0,"parent":0,"menu_order":0,"comment_status":"closed","ping_status":"closed","template":"","meta":{"footnotes":""},"class_list":["post-80","page","type-page","status-publish","hentry"],"_links":{"self":[{"href":"https:\/\/emte.com.pl\/index.php?rest_route=\/wp\/v2\/pages\/80","targetHints":{"allow":["GET"]}}],"collection":[{"href":"https:\/\/emte.com.pl\/index.php?rest_route=\/wp\/v2\/pages"}],"about":[{"href":"https:\/\/emte.com.pl\/index.php?rest_route=\/wp\/v2\/types\/page"}],"author":[{"embeddable":true,"href":"https:\/\/emte.com.pl\/index.php?rest_route=\/wp\/v2\/users\/1"}],"replies":[{"embeddable":true,"href":"https:\/\/emte.com.pl\/index.php?rest_route=%2Fwp%2Fv2%2Fcomments&post=80"}],"version-history":[{"count":8,"href":"https:\/\/emte.com.pl\/index.php?rest_route=\/wp\/v2\/pages\/80\/revisions"}],"predecessor-version":[{"id":721,"href":"https:\/\/emte.com.pl\/index.php?rest_route=\/wp\/v2\/pages\/80\/revisions\/721"}],"wp:attachment":[{"href":"https:\/\/emte.com.pl\/index.php?rest_route=%2Fwp%2Fv2%2Fmedia&parent=80"}],"curies":[{"name":"wp","href":"https:\/\/api.w.org\/{rel}","templated":true}]}}